etermine l(-23).
23
Let q(y) = y**2 + y. What is q(2)?
6
Let s(w) = -42*w + 353. Calculate s(9).
-25
Let b(r) = -2*r**2 - 22*r - 26. What is b(-8)?
22
Let o(p) = -12*p - 25. Determine o(-6).
47
Let t(j) = -j**3 - 5*j**2 + 25*j + 11. What is t(-6)?
-103
Let b(d) = 32*d**3 + d**2 + d. Determine b(-1).
-32
Let o(v) = -2*v + 3. Calculate o(6).
-9
Let c(z) = -z + 59. Give c(23).
36
Let c(i) = 2*i**2 + i + 3. Give c(2).
13
Let k(p) = -p**3 - 2*p**2 + 5*p + 3. Determine k(-3).
-3
Let d(v) = 2*v - 27. What is d(15)?
3
Let k(r) = r**2 + 27*r + 29. Calculate k(-24).
-43
Let p(i) = i**3 - 2*i**2 + i - 4. Determine p(2).
-2
Let n(q) = q**3 - 18*q + 39. Determine n(-5).
4
Let h(s) = -5*s**3 + s**2 + 5*s - 7. Calculate h(2).
-33
Let u(z) = 3*z + 72. Calculate u(-22).
6
Let q(i) = i + 7. What is q(-17)?
-10
Let k(x) = -x**3 + 3*x**2 + 2*x + 13. Calculate k(5).
-27
Let s(l) = -69*l - 14. Determine s(1).
-83
Let k(l) = -l - 39. Calculate k(13).
-52
Let t(x) = -21*x**3 - x**2 + 1. What is t(-1)?
21
Let l(g) = g**3 - 8*g**2 - 10*g + 19. Determine l(9).
10
Let g(p) = p**3 - 23*p**2 + 5*p - 56. Determine g(23).
59
Let t(n) = n**3 - 3*n**2 - 3*n - 1. Calculate t(4).
3
Let f(l) = -9*l - 8. Calculate f(-2).
10
Let c(o) = -o**2 + 12*o + 8. Determine c(9).
35
Let z(j) = -j**3 - 15*j**2 - 15*j - 4. Determine z(-14).
10
Let w(z) = z**3 + 8*z**2 - 9*z - 6. Calculate w(-9).
-6
Let q(p) = 24*p. What is q(-1)?
-24
Let o(h) = -h**2 - 34*h + 380. Give o(9).
-7
Let j(a) = a**3 - 10*a**2 + 6*a + 12. Calculate j(9).
-15
Let m(q) = q**2 + 17*q + 64. Determine m(-5).
4
Let s(b) = b**3 - b - 4. What is s(-3)?
-28
Let m(x) = 14*x - 55. Give m(3).
-13
Let o(m) = -2*m - 6. Determine o(-5).
4
Let u(x) = -2*x + 76. Determine u(28).
20
Let v(t) = -t**3 + 6*t**2 + 10*t - 9. Calculate v(7).
12
Let a(k) = -k + 1. Calculate a(-24).
25
Let j(k) = -18*k + 3. Give j(-3).
57
Let w(q) = q**2 - 12*q + 1. Give w(12).
1
Let p(w) = -w + 2. Determine p(10).
-8
Let t(a) = 6*a**2 - 27*a. What is t(5)?
15
Let h(p) = -p**2 + 21*p - 43. Determine h(18).
11
Let q(u) = -2*u + 6. Determine q(-3).
12
Let k(x) = -2*x**2 + 49*x + 7. Calculate k(26).
-71
Let n(x) = x**3 + 3*x**2 - 10*x + 8. What is n(-5)?
8
Let v(w) = -w**2 + 15*w - 30. What is v(13)?
-4
Let s(u) = -u**3 - 6*u**2 + 10*u + 5. Give s(-4).
-67
Let w(a) = -117*a + 597. Give w(5).
12
Let b(h) = 6*h + 120. Give b(-19).
6
Let g(v) = -13*v - 46. Give g(-4).
6
Let k(u) = 2*u - 21. Determine k(-5).
-31
Let o(k) = k**3 - 4. What is o(4)?
60
Let k(f) = 5*f - 48. Calculate k(9).
-3
Let r(k) = 15*k - 133. Calculate r(9).
2
Let x(w) = 2*w**2 + w - 2. Give x(-2).
4
Let a(l) = -13*l - 21. What is a(-4)?
31
Let n(r) = 13*r + 1. Determine n(2).
27
Let n(m) = m**3 + 4*m**2 + 2*m - 3. What is n(-3)?
0
Let p(w) = -2*w**3 - 18*w**2 + 5*w + 6. What is p(-9)?
-39
Let c(l) = 3*l - 10. Give c(4).
2
Let p(g) = -g**2 + 2*g + 3. Calculate p(-3).
-12
Let s(v) = 8*v**2 - 8*v - 17. Calculate s(-2).
31
Let b(g) = 2*g**2 - 8*g - 16. What is b(7)?
26
Let k(m) = -14*m**2 - m - 1. Determine k(2).
-59
Let h(j) = 4*j**2 + 3*j - 7. Determine h(-4).
45
Let z(y) = -y**3 + 6*y**2 - 2*y - 3. Give z(4).
21
Let b(p) = -p**3 + 23*p**2 + 46*p - 1. What is b(-2)?
7
Let v(k) = 19*k - 89. Give v(5).
6
Let w(t) = 20*t - 570. Determine w(28).
-10
Let t(v) = 10*v + 1. What is t(-2)?
-19
Let b(q) = -3*q - 16. What is b(-5)?
-1
Let m(o) = -o**2 + 17*o + 15. Determine m(18).
-3
Let h(g) = 41*g**3 - 2*g**2 + 1. What is h(1)?
40
Let i(u) = 3*u**3 + 2*u**2 - 4*u - 2. What is i(-3)?
-53
Let u(m) = 5*m - 2. What is u(-3)?
-17
Let x(h) = h**3 - 27*h**2 - 29*h + 23. Give x(28).
-5
Let l(u) = 2*u + 7. Calculate l(-7).
-7
Let t(z) = z**3 + 8*z**2 - 3*z - 10. Determine t(-8).
14
Let z(y) = 27*y - 143. Calculate z(5).
-8
Let q(a) = a**2 + 17*a + 19. Determine q(-15).
-11
Let n(b) = -b**3 - 17*b**2 - 2*b - 14. Determine n(-17).
20
Let d(k) = k**3 - 4*k**2 - 4*k + 4. Determine d(3).
-17
Let s(x) = -7*x + 26. Calculate s(6).
-16
Let g(z) = -z**3 + 9*z**2 + 9*z + 2. Determine g(10).
-8
Let u(s) = -5*s + 1. Give u(-8).
41
Let p(c) = -6*c - 36. Calculate p(-6).
0
Let c(u) = -3*u**2 + u - 14. Calculate c(0).
-14
Let w(c) = -c**3 + 10*c**2 - 7*c + 5. Calculate w(4).
73
Let h(d) = 2*d**3 + 21*d**2 + 18*d + 3. Give h(-9).
84
Let j(o) = -o**2 + 21*o + 25. Calculate j(19).
63
Let h(a) = a**2 - 26*a + 6. Give h(18).
-138
Let v(r) = -4*r**3 + r - 2. Calculate v(1).
-5
Let o(k) = -2*k**2 + 7*k - 4. What is o(3)?
-1
Let x(s) = s**2 + 50*s + 186. What is x(-46)?
2
Let h(m) = -3*m + 28. What is h(7)?
7
Let z(o) = 10*o**2 - 1. What is z(2)?
39
Let b(t) = -4*t + 1. Determine b(-8).
33
Let m(h) = -18*h - 90. Determine m(-5).
0
Let s(b) = 2*b + 9. Calculate s(6).
21
Let b(c) = -2*c**3 - c**2 + c. Give b(3).
-60
Let t(m) = -5*m**2 + 5*m - 2. Calculate t(-2).
-32
Let y(j) = -8*j**2 + 59*j - 34. Determine y(7).
-13
Let d(p) = -2*p + 5. Determine d(-7).
19
Let d(j) = 23*j**2 + 413*j - 23. Determine d(-18).
-5
Let u(h) = 2*h**2 - 7*h - 15. Give u(5).
0
Let n(f) = f**3 + 11*f**2 + 13*f + 14. What is n(-10)?
-16
Let f(t) = -t**2 - 7*t - 3. Give f(-5).
7
Let b(y) = y**2 + 10*y. Give b(-11).
11
Let o(s) = 3*s + 1. Calculate o(-3).
-8
Let k(g) = -3*g - 7. Give k(3).
-16
Let w(b) = -2*b**3 - 4*b**2 + 2*b + 10. Calculate w(-2).
6
Let x(t) = -t**3 + 4*t**2 + 5*t + 5. Determine x(5).
5
Let x(i) = -i**2 - i - 1. Determine x(-1).
-1
Let k(n) = -n**2 - 78*n + 1080. What is k(-90)?
0
Let p(l) = -l**2 + 28*l + 52. What is p(30)?
-8
Let w(q) = -q**3 - 5*q**2 + 3*q - 5. Determine w(-6).
13
Let l(c) = -c**3 + 14*c**2 - 17*c - 1. Give l(13).
-53
Let k(u) = 2*u**3 + 4*u**2 + 6*u + 1. What is k(-1)?
-3
Let n(d) = -d**2 + 2*d + 59. Calculate n(9).
-4
Let c(n) = -n**3 + 7*n**2 + 12*n - 1. Give c(8).
31
Let g(l) = -l**2 - 3*l + 3. Calculate g(-6).
-15
Let w(p) = p**3 - p**2 - 27*p + 9. Give w(-5).
-6
Let l(d) = 2*d - 50. Determine l(33).
16
Let m(s) = 4*s - 4. Calculate m(-3).
-16
Let f(o) = 2*o**3 - 4*o**2 + 10*o - 3. What is f(2)?
17
Let j(m) = 34*m**2 - 1. Give j(1).
33
Let j(r) = 4*r + 1. What is j(7)?
29
Let j(h) = h**3 - 3*h**2 - 14. Give j(4).
2
Let k(m) = -m**3 - 8*m**2 - 4*m + 12. Give k(-7).
-9
Let i(g) = 11*g - 44. Determine i(5).
11
Let s(g) = 3*g**3 + 36*g**2 - 2*g - 30. Determine s(-12).
-6
Let v(c) = c**2 - 6*c - 28. Determine v(8).
-12
Let h(y) = 2*y - 58. What is h(28)?
-2
Let w(q) = 57*q**3 + q**2 - q. What is w(1)?
57
Let d(b) = b**3 - 29*b**2 - 63*b + 31. Determine d(31).
0
Let m(q) = -q**3 - 9*q**2 - 7. Give m(-9).
-7
Let m(y) = -2*y**3 - 55*y**2 - 27*y + 4. Determine m(-27).
4
Let a(l) = -l**2 - 6*l + 1. Determine a(-9).
-26
Let y(q) = q**3 - 11*q**2 - 2*q - 6. What is y(11)?
-28
Let c(v) = 2*v**3 - 15*v**2 + 2*v + 23. What is c(7)?
-12
Let x(n) = n - 3. What is x(7)?
4
Let l(p) = p - 16. Give l(14).
-2
Let a(s) = s**3 - 7*s**2 + 6*s - 116. Determine a(8).
-4
Let l(w) = 3*w - 7. Give l(4).
5
Let q(v) = -2*v**3 + v**2 + v - 1. Calculate q(1).
-1
Let p(l) = -2*l**2 - 6*l - 5. Calculate p(-5).
-25
Let x(h) = h**3 - 5*h**2 + 4. Determine x(2).
-8
Let l(d) = d**2 - 18*d + 77. Determine l(5).
12
Let b(q) = 2*q**2 - 54*q + 94. Give b(25).
-6
Let o(l) = l**2 + 5*l - 6. Calculate o(-7).
8
Let c(q) = -20*q - 148. What is c(-7)?
-8
Let k(w) = -w**2 + 13*w + 5. What is k(10)?
35
Let p(z) = z**3 + 4*z**2 - 3*z + 8. Give p(0).
8
Let a(j) = -j**2 - 5*j + 9. Calculate a(-8).
-15
Let g(h) = -h**2 + h - 5. Calculate g(2).
-7
Let j(c) = -2*c**3 + c**2 - 2*c + 2. Give j(2).
-14
Let h(p) = p**2 - 8*p + 3. Give h(5).
-12
Let v(t) = 2*t**2 + 16*t + 2. Determine v(-7).
-12
Let z(b) = -158*b**3 - b**2 + 5*b - 3. Determine z(1).
-157
Let v(d) = d**3 + 3*d**2 - 4*d + 2. Give v(3).
44
Let g(p) = -p - 2. Calculate g(9).
-11
Let t(p) = p**3 + 5*p**2 + p - 9. Calculate t(-3).
6
Let w(f) = 19*f**2 - 11*f + 10. Give w(1).
18
Let d(g) = -6*g + 30. Give d(5).
0
Let n(m) = -4*m - 8. Determine n(9).
-44
Let i(t) = t**2 - 12*t + 42. Calculate i(4).
10
Let b(j) = -36*j - 321. Calculate b(-9).
3
Let d(r) = -r**3 + r**2 - r - 6. Determine d(0).
-6
Let n(h) = 6*h - 48. Give n(7).
-6
Let n(m) = 2*m**3 + 2*m**2 + 4*m + 3. Calculate n(-2).
-13
Let b(f) = f**3 + 4*f**2 + 2*f + 2. Give b(-4).
-6
Let t(q) = -q**3 - 10*q**2 - 10*q - 13. What is t(-9)?
-4
Let o(l) = -17*l + 13. Determin